 What is the tens digit of r?
2
Let c(j) = -3 + 15*j - j**2 + 3. Let n be 7*5*(-6)/(-105) + 10. What is the tens digit of c(n)?
3
Suppose -n + 14 = 2*p, -n = -2*n - 4*p + 22. Suppose -i = -n*b + 4*b + 131, 4*i + 497 = -b. Let z = 184 + i. What is the units digit of z?
9
Let g(s) = -9*s - 4. Let c be g(-1). Suppose 4*r = 2*r + c*l + 216, 0 = 2*r + 3*l - 216. What is the tens digit of r?
0
Suppose 3*n - 4*w = 12 + 7, -2*n = -2*w - 12. Suppose -n*u - 501 = -5*q - 4*u, -412 = -4*q - 2*u. What is the tens digit of q?
0
Let w be (66/(-4))/(-11)*(-1508)/(-6). Let o = -264 + w. What is the units digit of o?
3
Suppose -4*v - 26 = -3*v. Let o = 30 - v. What is the tens digit of o?
5
Let s(z) = -12*z**3 - 8*z**2 - 13*z - 35. What is the tens digit of s(-5)?
3
Suppose 6*m = -10*m + 15920. What is the tens digit of m?
9
Let u(i) = -i**2 + 19*i + 17. Suppose 61*v = 62*v - 19. What is the tens digit of u(v)?
1
Let v = 1924 - 941. What is the units digit of v?
3
Let t(u) = u**3 - 4*u**2 - 4*u. Let y be t(5). Let w be (-138)/(-4)*8/6. Suppose -y*r = -54 - w. What is the tens digit of r?
2
What is the hundreds digit of (-660)/(13/(130/(-20)))?
3
Suppose -52 = -2*z - 44. Suppose z = j - 21. What is the units digit of j?
5
Suppose -2*p - 242 = 5*o, -2*p - 202 = 2*o + 52. Let w = 197 + p. Let y = w + -33. What is the tens digit of y?
3
What is the hundreds digit of 6/30 - 15116/(-20)?
7
Suppose 2*g + y - 2 = -0*y, -2*g + 6 = 2*y. Let u = g + 5. What is the tens digit of 3/6 + 38/u?
1
Let a be (-15)/9*-21*-1. Let m be (-721)/a - 4/(-10). Suppose 6 = -3*n + m. What is the units digit of n?
5
Let g = 1506 - 1026. What is the tens digit of g?
8
Let a(q) = q**3 - 3*q**2 + 2*q - 1. Let r be a(3). Suppose 0 = r*u - 4*w - 4, u + 3*w - 28 = -3*u. What is the tens digit of u + (0 - (2 + -11))?
1
Suppose -196 = z - 1678. What is the units digit of z?
2
Let y(j) = -j**2 - 6*j - 6. Let q be y(-4). Let v = -84 - -142. Suppose 2*a - q*z = 58, 3*a + z - v = a. What is the tens digit of a?
2
Let a(w) = w - 4. Let r be a(7). Let d = 23 + r. What is the tens digit of d?
2
Let u = 1650 - 1095. What is the units digit of u?
5
What is the hundreds digit of (1/2)/((-4)/17800*-5)?
4
Suppose 6*b + 9*b = 4455. What is the hundreds digit of b?
2
Let s(h) = 29*h**2 + 16*h + 32. What is the hundreds digit of s(-7)?
3
Let i(t) = 4*t - 10. Let u be i(3). What is the units digit of (u - (-1 - -5))*-48?
6
Suppose -2*b = -6*b + 56. Let m = 2 + b. What is the tens digit of m?
1
Suppose 0 = -3*j + 4*j + 5, -2*j = -2*v + 518. Let b = -152 + v. What is the units digit of b?
2
Let l(v) = -v + 23. Let p be l(4). Suppose 8 + p = u. What is the units digit of u?
7
Suppose 19*a = 14*a + 750. What is the units digit of a?
0
Let z = 4202 - -162. What is the units digit of z?
4
Suppose 2*b + 1712 = t, 4*b - 2958 - 506 = -2*t. What is the thousands digit of t?
1
Let d = 3869 - 1365. Suppose -14*v = -d - 1528. What is the units digit of v?
8
Suppose 0 = 58*s - 63*s - 255. Suppose -y + 6*y - 375 = 0. Let k = y + s. What is the tens digit of k?
2
Let a(q) = -2*q - 26. Let w be a(-15). What is the units digit of 20*w/(-12)*-6?
0
Let x(g) = -g**2 + 15*g + 2. Let y = 28 + -19. What is the tens digit of x(y)?
5
Suppose -5*r - w + 57 - 2 = 0, 0 = -4*r + 4*w + 68. Let a = 14 + -25. Let u = r - a. What is the tens digit of u?
2
Let f(b) = 6*b**2 - 11*b + 16. Let v be f(3). Suppose -c - v = -298. What is the hundreds digit of c?
2
Let n(j) = -3*j - 12. Let w be n(-5). Suppose 5*p = 2*v - 20, v + 0*v = w*p + 8. What is the units digit of v?
0
Let f = -8 - -11. Let i(h) = -14*h - 12. Let j(g) = -13*g - 11. Let r(d) = f*j(d) - 2*i(d). What is the units digit of r(-5)?
6
Let d(t) = -5*t**2 + 30*t + 75. Let w(o) = o**2 - 6*o - 15. Let s(h) = 2*d(h) + 11*w(h). Let m be s(7). Let u = -1 - m. What is the units digit of u?
7
Suppose -5*a + 5971 = -u, 0 = -2*a - 4*u + 7*u + 2391. What is the units digit of a?
4
Suppose 87*a = 93*a - 14184. What is the thousands digit of a?
2
What is the units digit of (0 + 2)/((-9)/(-2034))?
2
Let g = 13 - 9. Suppose -f + 81 = -4*v, 61 = -g*v - 6*f + 3*f. Let z = v - -25. What is the units digit of z?
6
What is the tens digit of (-2)/15 + 17/(3315/81536)?
1
What is the tens digit of (-187)/(-22) - 8 - 665/(-2)?
3
Let g = -1838 - -1972. What is the hundreds digit of g?
1
Suppose 4*b = 4*p + 6776, 0 = -4*b + 20 - 4. Let l be 1/3 - p/(-30). Let u = -15 - l. What is the tens digit of u?
4
Suppose 5*r - 2*b - 24 = r, 0 = -3*r + b + 20. Let g be ((-100)/(-15))/(8/(-72)). What is the units digit of ((-2)/r)/(15/g)?
1
Let f(i) = 51*i**2 + 2*i - 45. What is the tens digit of f(5)?
4
Suppose -661 = -5*w + 2429. What is the hundreds digit of w?
6
Let a(z) be the third derivative of z**5/60 - z**4/12 - z**3 - 5*z**2. Let f be a(-2). Suppose 0 = -f*p + p + 7. What is the units digit of p?
7
Let z(b) be the second derivative of -5*b**3/6 - b**2 - 10*b. Let q(j) = 3*j. Let c be q(-2). What is the tens digit of z(c)?
2
Suppose -3*l - 2*u + 17 = 0, l = -l + 4*u + 22. Suppose 4*r = l*r - 312. Suppose 0 = -4*b + b + 4*n + r, 2*b = n + 61. What is the tens digit of b?
2
Suppose -4*n - 6 = 2*a - 3*a, -30 = 3*a + 4*n. Let o(r) = r**3 + 8*r**2 + 4*r + 7. What is the tens digit of o(a)?
5
Suppose 8*l = 4*l + 36. Let t = l - 4. Suppose 0*q - 245 = -t*q. What is the tens digit of q?
4
Let k = 8 + -10. Let y be (k/5)/((-11)/3300). Suppose -10*p = -4*p - y. What is the units digit of p?
0
Let l(n) = -n + 1. Let q(h) = h**2 + 4*h + 7. Let d(u) = 5*l(u) - q(u). Let t(p) = -p**2 - 3*p. Let a be t(-4). What is the tens digit of d(a)?
1
Suppose 4*o + 490 = 2*t, t + 3*t = 5*o + 977. What is the tens digit of t?
4
What is the hundreds digit of (-24)/4 + (-140)/(-1)?
1
What is the units digit of (48/20)/((-3)/(45/(-2)))?
8
Suppose -420 = 2*b + 2*s, 5*b + 217 = -2*s - 845. Let z = -106 - b. What is the hundreds digit of z?
1
Let p = -37 - -39. Suppose p*m = 3*m - 37. What is the tens digit of m?
3
What is the tens digit of 7/4 + (-62225)/(-20)?
1
Suppose 5*s - 2*l - 228 = 0, 5 = -2*l + 7. Let r = s - 30. What is the units digit of r?
6
Let u be ((-170)/25)/(2 + (-22)/10). Suppose 1005 = -29*d + u*d. What is the units digit of d?
1
Let l = 5 - 3. Suppose -s + 3*r = 15, -l*r = -4*s - 6*r + 4. What is the tens digit of ((-4)/s)/(6/54)?
1
Let p = -9 - -13. Suppose -4*q = -0*v - 3*v - 12, -p*v + 5*q - 17 = 0. Let o(i) = -3*i + 4. What is the units digit of o(v)?
8
Let c(o) = 47*o + 3. Suppose 5*n + 15 = -5*s, -4*n - 25 = n. What is the tens digit of c(s)?
9
Suppose -34*a = 5*a - 100854. What is the thousands digit of a?
2
Let m(r) = 3*r**2 + r - 3. Let q be m(5). Suppose 4*p - q = 283. What is the tens digit of p?
9
Let b = -820 - -1602. What is the tens digit of b?
8
Suppose 0 = -40*m + 17*m + 25300. What is the thousands digit of m?
1
Suppose 5*v = 5*q + 30, -3*v = -q - q - 13. Let b(m) = -v - 2*m + 6 - 4 + 0. What is the units digit of b(-7)?
5
Let j(b) be the third derivative of b**5/60 + b**4/8 - 5*b**3/2 - 39*b**2. Suppose 32 = -3*n - n. What is the tens digit of j(n)?
2
Suppose 2*n + n + 24 = 2*m, 2*n + 36 = 3*m. Let j = 10 - 5. Suppose j*y = -y + m. What is the units digit of y?
2
Let y = 3 + -1. Suppose 74 = y*h + 2*f, 82 = 2*h - 2*f + 6*f. What is the units digit of h?
3
Suppose 12*y - 18 = -6. Let a(s) = 120*s - 4. What is the tens digit of a(y)?
1
Suppose 0 = -4*f - 2*a + 4992, -4*f + 4729 + 267 = 4*a. What is the units digit of f?
7
Suppose 3*n + 3*s = -n + 18, -5*s = -n - 7. Let a(k) = 50*k + 3. Let i be a(n). Let q = -106 + i. What is the tens digit of q?
4
Let p = -1288 - -1921. What is the units digit of p?
3
Let m(j) = -j**3 + 3*j**2 + 3*j + 7. Let h be m(4). Let r be (h + -4 - 0)*-253. Suppose -4*x = 53 - r. What is the units digit of x?
0
Suppose 0 = -3*j - 3*m - 13 - 5, 5*j = 2*m - 51. What is the tens digit of 6/j + (-447)/(-9)?
4
Let v = 233 + -147. Let h = -46 + v. What is the units digit of h?
0
What is the units digit of (-163576)/(-49) + 32/(-112)?
8
Suppose 3*a + 0*a - 6126 = -4*k, 2*a - 4084 = 5*k. What is the units digit of a?
2
What is the units digit of (0 - 5742/(-12)) + 2/(-4)?
8
Suppose 2*j = -5*m + 20 + 226, 0 = 5*j + 2*m - 636. Suppose 8*o - 4*o - j = 0. Suppose -q + 3*v = -3*q + 17, 2*q - o = 2*v